{"id":2,"date":"2016-01-11T16:15:18","date_gmt":"2016-01-11T15:15:18","guid":{"rendered":"http:\/\/gw-stgeorg.de\/ev2\/wp\/?page_id=2"},"modified":"2023-08-07T11:00:53","modified_gmt":"2023-08-07T11:00:53","slug":"archiv","status":"publish","type":"page","link":"https:\/\/ev-stgeorg.de\/?page_id=2","title":{"rendered":"Archiv"},"content":{"rendered":"<p><img loading=\"lazy\" decoding=\"async\" class=\"aligncenter wp-image-1589 size-full\" src=\"https:\/\/ev-stgeorg.de\/wp-content\/uploads\/2021\/05\/EV30JahreArtikelMhMMietraum1-2017.jpg\" alt=\"\" width=\"1200\" height=\"1734\" srcset=\"https:\/\/ev-stgeorg.de\/wp-content\/uploads\/2021\/05\/EV30JahreArtikelMhMMietraum1-2017.jpg 1200w, https:\/\/ev-stgeorg.de\/wp-content\/uploads\/2021\/05\/EV30JahreArtikelMhMMietraum1-2017-208x300.jpg 208w, https:\/\/ev-stgeorg.de\/wp-content\/uploads\/2021\/05\/EV30JahreArtikelMhMMietraum1-2017-709x1024.jpg 709w, https:\/\/ev-stgeorg.de\/wp-content\/uploads\/2021\/05\/EV30JahreArtikelMhMMietraum1-2017-768x1110.jpg 768w, https:\/\/ev-stgeorg.de\/wp-content\/uploads\/2021\/05\/EV30JahreArtikelMhMMietraum1-2017-1063x1536.jpg 1063w\" sizes=\"(max-width: 1200px) 100vw, 1200px\" \/><\/p>\n<p><img loading=\"lazy\" decoding=\"async\" class=\"aligncenter size-full wp-image-1592\" src=\"https:\/\/ev-stgeorg.de\/wp-content\/uploads\/2021\/05\/EV30JahrFeier6-5-17Plakat.jpg\" alt=\"\" width=\"1225\" height=\"790\" srcset=\"https:\/\/ev-stgeorg.de\/wp-content\/uploads\/2021\/05\/EV30JahrFeier6-5-17Plakat.jpg 1225w, https:\/\/ev-stgeorg.de\/wp-content\/uploads\/2021\/05\/EV30JahrFeier6-5-17Plakat-300x193.jpg 300w, https:\/\/ev-stgeorg.de\/wp-content\/uploads\/2021\/05\/EV30JahrFeier6-5-17Plakat-1024x660.jpg 1024w, https:\/\/ev-stgeorg.de\/wp-content\/uploads\/2021\/05\/EV30JahrFeier6-5-17Plakat-768x495.jpg 768w\" sizes=\"(max-width: 1225px) 100vw, 1225px\" \/><\/p>\n<p>Zum Download:<\/p>\n<p><strong><a href=\"https:\/\/ev-stgeorg.de\/wp-content\/uploads\/2021\/05\/BuchbeitragSozialeSpaltungStGeorg9-l3.pdf\">Buchbeitrag Soziale Spaltung StGeorg<\/a><\/strong><\/p>\n<p><strong><a href=\"https:\/\/ev-stgeorg.de\/wp-content\/uploads\/2021\/05\/BuchbeitragBeiraete3-19Druckversion.pdf\">Buchbeitrag Stadtteilbeir\u00e4te<\/a><\/strong><\/p>\n<hr \/>\n<p><img loading=\"lazy\" decoding=\"async\" class=\"aligncenter size-full wp-image-1595\" src=\"https:\/\/ev-stgeorg.de\/wp-content\/uploads\/2021\/05\/EV25JahreAufruf16-5-12.jpg\" alt=\"\" width=\"800\" height=\"1037\" srcset=\"https:\/\/ev-stgeorg.de\/wp-content\/uploads\/2021\/05\/EV25JahreAufruf16-5-12.jpg 800w, https:\/\/ev-stgeorg.de\/wp-content\/uploads\/2021\/05\/EV25JahreAufruf16-5-12-231x300.jpg 231w, https:\/\/ev-stgeorg.de\/wp-content\/uploads\/2021\/05\/EV25JahreAufruf16-5-12-790x1024.jpg 790w, https:\/\/ev-stgeorg.de\/wp-content\/uploads\/2021\/05\/EV25JahreAufruf16-5-12-768x996.jpg 768w\" sizes=\"(max-width: 800px) 100vw, 800px\" \/><\/p>\n<p><img loading=\"lazy\" decoding=\"async\" class=\"aligncenter size-full wp-image-1593\" src=\"https:\/\/ev-stgeorg.de\/wp-content\/uploads\/2021\/05\/EV25JahrePlakat9-5-12FinalGeschrumpft.gif\" alt=\"\" width=\"595\" height=\"842\" \/><\/p>\n<hr \/>\n<p style=\"text-align: left;\"><strong>\u201eGoldene Drachen\u201c f\u00fcr verdiente St. GeorgerInnen<br \/>\n<\/strong><strong>St. Georger Stadtteilpreis f\u00fcr kulturelles Engagement<br \/>\n<\/strong><strong>verliehen vom Einwohnerverein St. Georg v. 1987 e.V.<\/strong><\/p>\n<p style=\"text-align: left;\">1988: Dirk Rose, Galerist<br \/>\n1990: Ingo M\u00fcller, Kantor<br \/>\n1992: Muckefuck, Rockband<br \/>\n1994: Nilda Eigendorf, Kulturladen<br \/>\n1996: Buchhandlung und Antiquariat Dr. Roberft Wohlers &amp; Co.<br \/>\n1998: Geelhaus<br \/>\n2000: Karla Fischer, Geschichtswerkstatt<br \/>\n2002: Matthias Botsch, Stadtteilchor Drachengold<br \/>\n2004: Heidrun Sperling: SV Vorw\u00e4rts St. Georg e.V.<br \/>\n2006: Silke Pelka: Caf\u00e9 Koppel<br \/>\n2008: Katharina R\u00f6ther, Sommertheater St. Georg<br \/>\n2010: Rolf Becker, Schauspieler, lesender<br \/>\n2012: Peggy Parnass, Publizistin<br \/>\n2014: Ulrich Gehner, Filmer<br \/>\n2016: Mehmet Simsit, Gastronom\u00a0 \u00a0 \u00a0 \u00a0 \u00a0 \u00a0 \u00a0 \u00a0 \u00a0 \u00a0 \u00a0 \u00a0 \u00a0 \u00a0 \u00a0 \u00a0 \u00a0 \u00a0 \u00a0 \u00a0 \u00a0 \u00a0 \u00a0 \u00a0 \u00a0 \u00a0 \u00a0 \u00a0 \u00a0 \u00a0 \u00a0 \u00a0 \u00a0 \u00a0 \u00a0 \u00a0 \u00a0 \u00a0 \u00a0 \u00a0 \u00a0 \u00a0 \u00a0 \u00a0 \u00a0 \u00a0 \u00a0 \u00a0 \u00a0 \u00a0 \u00a0 \u00a0 \u00a0 \u00a0 \u00a0 \u00a0 \u00a0 \u00a0 \u00a0 2018: Gunnar Marwege, Pastor\u00a0 \u00a0 \u00a0 \u00a0 \u00a0 \u00a0 \u00a0 \u00a0 \u00a0 \u00a0 \u00a0 \u00a0 \u00a0 \u00a0 \u00a0 \u00a0 \u00a0 \u00a0 \u00a0 \u00a0 \u00a0 \u00a0 \u00a0 \u00a0 \u00a0 \u00a0 \u00a0 \u00a0 \u00a0 \u00a0 \u00a0 \u00a0 \u00a0 \u00a0 \u00a0 \u00a0 \u00a0 \u00a0 \u00a0 \u00a0 \u00a0 \u00a0 \u00a0 \u00a0 \u00a0 \u00a0 \u00a0 \u00a0 \u00a0 \u00a0 \u00a0 \u00a0 \u00a0 \u00a0 \u00a0 \u00a0 \u00a0 \u00a0 2021: Team des Kulturladens<\/p>\n<hr \/>\n<p style=\"text-align: left;\">\n","protected":false},"excerpt":{"rendered":"<p>Zum Download: Buchbeitrag Soziale Spaltung StGeorg Buchbeitrag Stadtteilbeir\u00e4te \u201eGoldene Drachen\u201c f\u00fcr verdiente St. GeorgerInnen St. Georger Stadtteilpreis f\u00fcr kulturelles Engagement verliehen vom Einwohnerverein St. Georg v. 1987 e.V. 1988: Dirk Rose, Galerist 1990: Ingo M\u00fcller, Kantor 1992: Muckefuck, Rockband 1994: Nilda Eigendorf, Kulturladen 1996: Buchhandlung und Antiquariat Dr. Roberft Wohlers &amp; Co. 1998: Geelhaus 2000: &hellip; <a href=\"https:\/\/ev-stgeorg.de\/?page_id=2\" class=\"more-link\"><span class=\"screen-reader-text\">Archiv<\/span> weiterlesen <span class=\"meta-nav\">&rarr;<\/span><\/a><\/p>\n","protected":false},"author":1,"featured_media":0,"parent":0,"menu_order":6,"comment_status":"closed","ping_status":"closed","template":"","meta":{"footnotes":""},"yoast_head":"<!-- This site is optimized with the Yoast SEO plugin v24.5 - https:\/\/yoast.com\/wordpress\/plugins\/seo\/ -->\n<title>Archiv - Einwohner*innen-verein St. Georg<\/title>\n<meta name=\"robots\" content=\"index, follow, max-snippet:-1, max-image-preview:large, max-video-preview:-1\" \/>\n<link rel=\"canonical\" href=\"https:\/\/ev-stgeorg.de\/?page_id=2\" \/>\n<meta property=\"og:locale\" content=\"de_DE\" \/>\n<meta property=\"og:type\" content=\"article\" \/>\n<meta property=\"og:title\" content=\"Archiv - Einwohner*innen-verein St. Georg\" \/>\n<meta property=\"og:description\" content=\"Zum Download: Buchbeitrag Soziale Spaltung StGeorg Buchbeitrag Stadtteilbeir\u00e4te \u201eGoldene Drachen\u201c f\u00fcr verdiente St. GeorgerInnen St. Georger Stadtteilpreis f\u00fcr kulturelles Engagement verliehen vom Einwohnerverein St. Georg v. 1987 e.V. 1988: Dirk Rose, Galerist 1990: Ingo M\u00fcller, Kantor 1992: Muckefuck, Rockband 1994: Nilda Eigendorf, Kulturladen 1996: Buchhandlung und Antiquariat Dr. Roberft Wohlers &amp; Co. 1998: Geelhaus 2000: &hellip; Archiv weiterlesen &rarr;\" \/>\n<meta property=\"og:url\" content=\"https:\/\/ev-stgeorg.de\/?page_id=2\" \/>\n<meta property=\"og:site_name\" content=\"Einwohner*innen-verein St. Georg\" \/>\n<meta property=\"article:publisher\" content=\"https:\/\/ev-stgeorg.de\/\" \/>\n<meta property=\"article:modified_time\" content=\"2023-08-07T11:00:53+00:00\" \/>\n<meta property=\"og:image\" content=\"https:\/\/ev-stgeorg.de\/wp-content\/uploads\/2021\/05\/EV30JahreArtikelMhMMietraum1-2017.jpg\" \/>\n<meta name=\"twitter:card\" content=\"summary_large_image\" \/>\n<meta name=\"twitter:label1\" content=\"Gesch\u00e4tzte Lesezeit\" \/>\n\t<meta name=\"twitter:data1\" content=\"2\u00a0Minuten\" \/>\n<script type=\"application\/ld+json\" class=\"yoast-schema-graph\">{\"@context\":\"https:\/\/schema.org\",\"@graph\":[{\"@type\":\"WebPage\",\"@id\":\"https:\/\/ev-stgeorg.de\/?page_id=2\",\"url\":\"https:\/\/ev-stgeorg.de\/?page_id=2\",\"name\":\"Archiv - Einwohner*innen-verein St. Georg\",\"isPartOf\":{\"@id\":\"https:\/\/ev-stgeorg.de\/#website\"},\"primaryImageOfPage\":{\"@id\":\"https:\/\/ev-stgeorg.de\/?page_id=2#primaryimage\"},\"image\":{\"@id\":\"https:\/\/ev-stgeorg.de\/?page_id=2#primaryimage\"},\"thumbnailUrl\":\"https:\/\/ev-stgeorg.de\/wp-content\/uploads\/2021\/05\/EV30JahreArtikelMhMMietraum1-2017.jpg\",\"datePublished\":\"2016-01-11T15:15:18+00:00\",\"dateModified\":\"2023-08-07T11:00:53+00:00\",\"breadcrumb\":{\"@id\":\"https:\/\/ev-stgeorg.de\/?page_id=2#breadcrumb\"},\"inLanguage\":\"de\",\"potentialAction\":[{\"@type\":\"ReadAction\",\"target\":[\"https:\/\/ev-stgeorg.de\/?page_id=2\"]}]},{\"@type\":\"ImageObject\",\"inLanguage\":\"de\",\"@id\":\"https:\/\/ev-stgeorg.de\/?page_id=2#primaryimage\",\"url\":\"https:\/\/ev-stgeorg.de\/wp-content\/uploads\/2021\/05\/EV30JahreArtikelMhMMietraum1-2017.jpg\",\"contentUrl\":\"https:\/\/ev-stgeorg.de\/wp-content\/uploads\/2021\/05\/EV30JahreArtikelMhMMietraum1-2017.jpg\",\"width\":1200,\"height\":1734},{\"@type\":\"BreadcrumbList\",\"@id\":\"https:\/\/ev-stgeorg.de\/?page_id=2#breadcrumb\",\"itemListElement\":[{\"@type\":\"ListItem\",\"position\":1,\"name\":\"Startseite\",\"item\":\"https:\/\/ev-stgeorg.de\/\"},{\"@type\":\"ListItem\",\"position\":2,\"name\":\"Archiv\"}]},{\"@type\":\"WebSite\",\"@id\":\"https:\/\/ev-stgeorg.de\/#website\",\"url\":\"https:\/\/ev-stgeorg.de\/\",\"name\":\"Einwohnerverein St. Georg\",\"description\":\"von 1987 e.V.\",\"potentialAction\":[{\"@type\":\"SearchAction\",\"target\":{\"@type\":\"EntryPoint\",\"urlTemplate\":\"https:\/\/ev-stgeorg.de\/?s={search_term_string}\"},\"query-input\":{\"@type\":\"PropertyValueSpecification\",\"valueRequired\":true,\"valueName\":\"search_term_string\"}}],\"inLanguage\":\"de\"}]}<\/script>\n<!-- \/ Yoast SEO plugin. -->","yoast_head_json":{"title":"Archiv - Einwohner*innen-verein St. Georg","robots":{"index":"index","follow":"follow","max-snippet":"max-snippet:-1","max-image-preview":"max-image-preview:large","max-video-preview":"max-video-preview:-1"},"canonical":"https:\/\/ev-stgeorg.de\/?page_id=2","og_locale":"de_DE","og_type":"article","og_title":"Archiv - Einwohner*innen-verein St. Georg","og_description":"Zum Download: Buchbeitrag Soziale Spaltung StGeorg Buchbeitrag Stadtteilbeir\u00e4te \u201eGoldene Drachen\u201c f\u00fcr verdiente St. GeorgerInnen St. Georger Stadtteilpreis f\u00fcr kulturelles Engagement verliehen vom Einwohnerverein St. Georg v. 1987 e.V. 1988: Dirk Rose, Galerist 1990: Ingo M\u00fcller, Kantor 1992: Muckefuck, Rockband 1994: Nilda Eigendorf, Kulturladen 1996: Buchhandlung und Antiquariat Dr. Roberft Wohlers &amp; Co. 1998: Geelhaus 2000: &hellip; Archiv weiterlesen &rarr;","og_url":"https:\/\/ev-stgeorg.de\/?page_id=2","og_site_name":"Einwohner*innen-verein St. Georg","article_publisher":"https:\/\/ev-stgeorg.de\/","article_modified_time":"2023-08-07T11:00:53+00:00","og_image":[{"url":"https:\/\/ev-stgeorg.de\/wp-content\/uploads\/2021\/05\/EV30JahreArtikelMhMMietraum1-2017.jpg","type":"","width":"","height":""}],"twitter_card":"summary_large_image","twitter_misc":{"Gesch\u00e4tzte Lesezeit":"2\u00a0Minuten"},"schema":{"@context":"https:\/\/schema.org","@graph":[{"@type":"WebPage","@id":"https:\/\/ev-stgeorg.de\/?page_id=2","url":"https:\/\/ev-stgeorg.de\/?page_id=2","name":"Archiv - Einwohner*innen-verein St. Georg","isPartOf":{"@id":"https:\/\/ev-stgeorg.de\/#website"},"primaryImageOfPage":{"@id":"https:\/\/ev-stgeorg.de\/?page_id=2#primaryimage"},"image":{"@id":"https:\/\/ev-stgeorg.de\/?page_id=2#primaryimage"},"thumbnailUrl":"https:\/\/ev-stgeorg.de\/wp-content\/uploads\/2021\/05\/EV30JahreArtikelMhMMietraum1-2017.jpg","datePublished":"2016-01-11T15:15:18+00:00","dateModified":"2023-08-07T11:00:53+00:00","breadcrumb":{"@id":"https:\/\/ev-stgeorg.de\/?page_id=2#breadcrumb"},"inLanguage":"de","potentialAction":[{"@type":"ReadAction","target":["https:\/\/ev-stgeorg.de\/?page_id=2"]}]},{"@type":"ImageObject","inLanguage":"de","@id":"https:\/\/ev-stgeorg.de\/?page_id=2#primaryimage","url":"https:\/\/ev-stgeorg.de\/wp-content\/uploads\/2021\/05\/EV30JahreArtikelMhMMietraum1-2017.jpg","contentUrl":"https:\/\/ev-stgeorg.de\/wp-content\/uploads\/2021\/05\/EV30JahreArtikelMhMMietraum1-2017.jpg","width":1200,"height":1734},{"@type":"BreadcrumbList","@id":"https:\/\/ev-stgeorg.de\/?page_id=2#breadcrumb","itemListElement":[{"@type":"ListItem","position":1,"name":"Startseite","item":"https:\/\/ev-stgeorg.de\/"},{"@type":"ListItem","position":2,"name":"Archiv"}]},{"@type":"WebSite","@id":"https:\/\/ev-stgeorg.de\/#website","url":"https:\/\/ev-stgeorg.de\/","name":"Einwohnerverein St. Georg","description":"von 1987 e.V.","potentialAction":[{"@type":"SearchAction","target":{"@type":"EntryPoint","urlTemplate":"https:\/\/ev-stgeorg.de\/?s={search_term_string}"},"query-input":{"@type":"PropertyValueSpecification","valueRequired":true,"valueName":"search_term_string"}}],"inLanguage":"de"}]}},"_links":{"self":[{"href":"https:\/\/ev-stgeorg.de\/index.php?rest_route=\/wp\/v2\/pages\/2"}],"collection":[{"href":"https:\/\/ev-stgeorg.de\/index.php?rest_route=\/wp\/v2\/pages"}],"about":[{"href":"https:\/\/ev-stgeorg.de\/index.php?rest_route=\/wp\/v2\/types\/page"}],"author":[{"embeddable":true,"href":"https:\/\/ev-stgeorg.de\/index.php?rest_route=\/wp\/v2\/users\/1"}],"replies":[{"embeddable":true,"href":"https:\/\/ev-stgeorg.de\/index.php?rest_route=%2Fwp%2Fv2%2Fcomments&post=2"}],"version-history":[{"count":32,"href":"https:\/\/ev-stgeorg.de\/index.php?rest_route=\/wp\/v2\/pages\/2\/revisions"}],"predecessor-version":[{"id":2463,"href":"https:\/\/ev-stgeorg.de\/index.php?rest_route=\/wp\/v2\/pages\/2\/revisions\/2463"}],"wp:attachment":[{"href":"https:\/\/ev-stgeorg.de\/index.php?rest_route=%2Fwp%2Fv2%2Fmedia&parent=2"}],"curies":[{"name":"wp","href":"https:\/\/api.w.org\/{rel}","templated":true}]}}