{"id":2079,"date":"2022-07-05T08:34:37","date_gmt":"2022-07-05T08:34:37","guid":{"rendered":"https:\/\/ev-stgeorg.de\/?page_id=2079"},"modified":"2023-05-17T15:18:12","modified_gmt":"2023-05-17T15:18:12","slug":"ev-antrag-stadtteilbeirat-29-6-22","status":"publish","type":"page","link":"https:\/\/ev-stgeorg.de\/?page_id=2079","title":{"rendered":"EV-Antrag Stadtteilbeirat 29.6.22"},"content":{"rendered":"<p><strong>Antrag des Einwohnervereins St. Georg von 1987 e.V. <\/strong><br \/>\n<strong>f\u00fcr die Sitzung des Stadtteilbeirats St. Georg am 29.6.2022<\/strong><br \/>\nSt. Georg, den 20.6.2022<br \/>\nVorweg und zur Erinnerung der am 27.4.2022 mit gro\u00dfer Mehrheit gefasste Beschluss des Stadtteilbeirats betr. die Wohnungs- und Mietensituation in St. Georg<br \/>\nDie B\u00fcrgerschaft und der Senat (ggfs. auch \u00fcber den Bundesrat) werden aufgefordert, Ma\u00dfnahmen zu ergreifen,<br \/>\n1. einen gro\u00dfen Anteil bezahlbarer, g\u00fcnstiger Mieten in Hamburg und speziell in St. Georg zu gew\u00e4hrleisten!<br \/>\n2. die Berechnungsgrundlagen f\u00fcr den Mietenspiegel und das Wohnlagenverzeichnis grundlegend zu \u00fcberarbeiten, um alle Mieten zu ber\u00fccksichtigen und die Bodenpreise und den \u201eStatusindex\u201c nicht \u00fcberproportional zu gewichten!<br \/>\n3. die Neubauzahlen und den Anteil an Sozialwohnungen des 1. F\u00f6rderweges in St. Georg zu erh\u00f6hen!<br \/>\n4. den Abriss g\u00fcnstigen Wohnraumes zugunsten von teuren Neubauten zu verhindern, aus sozialen und auch klimarettenden Gr\u00fcnden!<br \/>\n5. soziale Erhaltungsverordnungen zu st\u00e4rken, \u00fcber die eine Umwandlung von Miet- in Eigentumswohnungen ausgeschlossen und ein wiedereingef\u00fchrtes Vorkaufsrecht von der Stadt umfassend genutzt wird!<br \/>\n6. einen Fonds zur F\u00f6rderung gemeinschaftlicher \u00dcbernahmen von Mietsh\u00e4usern durch die BewohnerInnen zu schaffen!<br \/>\n7. endlich einen MieterInnenschutz f\u00fcr Kleingewerbetreibende gesetzlich zu verankern!<\/p>\n<p>Mehr Unterst\u00fctzung f\u00fcr die inhabergef\u00fchrten L\u00e4den!<br \/>\nDie 2021 vollzogene Umwandlung der Miet- in Eigentumswohnungen in den H\u00e4usern Danziger Stra\u00dfe 47-51 ist das eine. Sieben Jahre haben die MieterInnen ein Vorkaufsrecht, noch mal ein f\u00fcnfj\u00e4hriges Wohnrecht bleibt ihnen, wenn sie die Wohnung nicht erwerben. So oder so, Mietwohnraum geht \u00fcber kurz oder lang verloren.<br \/>\nDas andere aber ist, dass die Vermieterin Anette Gaedcke zum Jahreswechsel 2021\/22 ohne n\u00e4here Begr\u00fcndung den vier Gewerbetreibenden im Souterrain des Geb\u00e4udekomplexes gek\u00fcndigt hat, dem Kneipier zum 30. Juni 2022, den anderen drei Ladeninhabern zu Ende September 2022. Damit gehen nicht nur einige der letzten, langj\u00e4hrig im Viertel ans\u00e4ssigen und gesch\u00e4tzten L\u00e4den kaputt, damit wird auch die berufliche Existenz von mindestens vier Personen vernichtet.<\/p>\n<p><strong>Der Stadtteilbeirat St. Georg m\u00f6ge daher beschlie\u00dfen:<\/strong><\/p>\n<p>In Erg\u00e4nzung und Erweiterung zu seinem Beschluss vom 27. April 2022 fordert der Stadtteilbeirat St. Georg das Bezirksamt Hamburg-Mitte auf,<br \/>\n1. mit der Vermieterin Anette Gaedcke sofort ins Gespr\u00e4ch zu kommen, mit dem Ziel, die L\u00e4den und damit die Existenzen der o.a. Gewerbetreibenden am jetzigen Orte zu sichern, wenigstens aber eine deutlich l\u00e4ngere K\u00fcndigungsfrist auszuhandeln.<br \/>\n2. mit den betroffenen Ladeninhabern unmittelbar Kontakt aufzunehmen und im Rahmen der (Kleingewerbe-) F\u00f6rderung gemeinsam nach geeigneten, bezahlbaren Gewerber\u00e4umen in St. Georg zu suchen.<br \/>\nDen Senat fordert der Stadtteilbeirat erneut auf, sich auf Bundes(rats)ebene f\u00fcr die Einf\u00fchrung eines MieterInnenschutzes f\u00fcr Kleingewerbetreibende einzusetzen!<\/p>\n","protected":false},"excerpt":{"rendered":"<p>Antrag des Einwohnervereins St. Georg von 1987 e.V. f\u00fcr die Sitzung des Stadtteilbeirats St. Georg am 29.6.2022 St. Georg, den 20.6.2022 Vorweg und zur Erinnerung der am 27.4.2022 mit gro\u00dfer Mehrheit gefasste Beschluss des Stadtteilbeirats betr. die Wohnungs- und Mietensituation in St. Georg Die B\u00fcrgerschaft und der Senat (ggfs. auch \u00fcber den Bundesrat) werden aufgefordert, &hellip; <a href=\"https:\/\/ev-stgeorg.de\/?page_id=2079\" class=\"more-link\"><span class=\"screen-reader-text\">EV-Antrag Stadtteilbeirat 29.6.22<\/span> weiterlesen <span class=\"meta-nav\">&rarr;<\/span><\/a><\/p>\n","protected":false},"author":2,"featured_media":0,"parent":1864,"menu_order":1,"comment_status":"closed","ping_status":"closed","template":"","meta":{"footnotes":""},"yoast_head":"<!-- This site is optimized with the Yoast SEO plugin v24.5 - https:\/\/yoast.com\/wordpress\/plugins\/seo\/ -->\n<title>EV-Antrag Stadtteilbeirat 29.6.22 - Einwohner*innen-verein St. Georg<\/title>\n<meta name=\"robots\" content=\"index, follow, max-snippet:-1, max-image-preview:large, max-video-preview:-1\" \/>\n<link rel=\"canonical\" href=\"https:\/\/ev-stgeorg.de\/?page_id=2079\" \/>\n<meta property=\"og:locale\" content=\"de_DE\" \/>\n<meta property=\"og:type\" content=\"article\" \/>\n<meta property=\"og:title\" content=\"EV-Antrag Stadtteilbeirat 29.6.22 - Einwohner*innen-verein St. Georg\" \/>\n<meta property=\"og:description\" content=\"Antrag des Einwohnervereins St. Georg von 1987 e.V. f\u00fcr die Sitzung des Stadtteilbeirats St. Georg am 29.6.2022 St. Georg, den 20.6.2022 Vorweg und zur Erinnerung der am 27.4.2022 mit gro\u00dfer Mehrheit gefasste Beschluss des Stadtteilbeirats betr. die Wohnungs- und Mietensituation in St. Georg Die B\u00fcrgerschaft und der Senat (ggfs. auch \u00fcber den Bundesrat) werden aufgefordert, &hellip; EV-Antrag Stadtteilbeirat 29.6.22 weiterlesen &rarr;\" \/>\n<meta property=\"og:url\" content=\"https:\/\/ev-stgeorg.de\/?page_id=2079\" \/>\n<meta property=\"og:site_name\" content=\"Einwohner*innen-verein St. Georg\" \/>\n<meta property=\"article:publisher\" content=\"https:\/\/ev-stgeorg.de\/\" \/>\n<meta property=\"article:modified_time\" content=\"2023-05-17T15:18:12+00:00\" \/>\n<meta name=\"twitter:card\" content=\"summary_large_image\" \/>\n<meta name=\"twitter:label1\" content=\"Gesch\u00e4tzte Lesezeit\" \/>\n\t<meta name=\"twitter:data1\" content=\"3\u00a0Minuten\" \/>\n<script type=\"application\/ld+json\" class=\"yoast-schema-graph\">{\"@context\":\"https:\/\/schema.org\",\"@graph\":[{\"@type\":\"WebPage\",\"@id\":\"https:\/\/ev-stgeorg.de\/?page_id=2079\",\"url\":\"https:\/\/ev-stgeorg.de\/?page_id=2079\",\"name\":\"EV-Antrag Stadtteilbeirat 29.6.22 - Einwohner*innen-verein St. Georg\",\"isPartOf\":{\"@id\":\"https:\/\/ev-stgeorg.de\/#website\"},\"datePublished\":\"2022-07-05T08:34:37+00:00\",\"dateModified\":\"2023-05-17T15:18:12+00:00\",\"breadcrumb\":{\"@id\":\"https:\/\/ev-stgeorg.de\/?page_id=2079#breadcrumb\"},\"inLanguage\":\"de\",\"potentialAction\":[{\"@type\":\"ReadAction\",\"target\":[\"https:\/\/ev-stgeorg.de\/?page_id=2079\"]}]},{\"@type\":\"BreadcrumbList\",\"@id\":\"https:\/\/ev-stgeorg.de\/?page_id=2079#breadcrumb\",\"itemListElement\":[{\"@type\":\"ListItem\",\"position\":1,\"name\":\"Startseite\",\"item\":\"https:\/\/ev-stgeorg.de\/\"},{\"@type\":\"ListItem\",\"position\":2,\"name\":\"Wohnungspolitik\",\"item\":\"https:\/\/ev-stgeorg.de\/?page_id=1864\"},{\"@type\":\"ListItem\",\"position\":3,\"name\":\"EV-Antrag Stadtteilbeirat 29.6.22\"}]},{\"@type\":\"WebSite\",\"@id\":\"https:\/\/ev-stgeorg.de\/#website\",\"url\":\"https:\/\/ev-stgeorg.de\/\",\"name\":\"Einwohnerverein St. Georg\",\"description\":\"von 1987 e.V.\",\"potentialAction\":[{\"@type\":\"SearchAction\",\"target\":{\"@type\":\"EntryPoint\",\"urlTemplate\":\"https:\/\/ev-stgeorg.de\/?s={search_term_string}\"},\"query-input\":{\"@type\":\"PropertyValueSpecification\",\"valueRequired\":true,\"valueName\":\"search_term_string\"}}],\"inLanguage\":\"de\"}]}<\/script>\n<!-- \/ Yoast SEO plugin. -->","yoast_head_json":{"title":"EV-Antrag Stadtteilbeirat 29.6.22 - Einwohner*innen-verein St. Georg","robots":{"index":"index","follow":"follow","max-snippet":"max-snippet:-1","max-image-preview":"max-image-preview:large","max-video-preview":"max-video-preview:-1"},"canonical":"https:\/\/ev-stgeorg.de\/?page_id=2079","og_locale":"de_DE","og_type":"article","og_title":"EV-Antrag Stadtteilbeirat 29.6.22 - Einwohner*innen-verein St. Georg","og_description":"Antrag des Einwohnervereins St. Georg von 1987 e.V. f\u00fcr die Sitzung des Stadtteilbeirats St. Georg am 29.6.2022 St. Georg, den 20.6.2022 Vorweg und zur Erinnerung der am 27.4.2022 mit gro\u00dfer Mehrheit gefasste Beschluss des Stadtteilbeirats betr. die Wohnungs- und Mietensituation in St. Georg Die B\u00fcrgerschaft und der Senat (ggfs. auch \u00fcber den Bundesrat) werden aufgefordert, &hellip; EV-Antrag Stadtteilbeirat 29.6.22 weiterlesen &rarr;","og_url":"https:\/\/ev-stgeorg.de\/?page_id=2079","og_site_name":"Einwohner*innen-verein St. Georg","article_publisher":"https:\/\/ev-stgeorg.de\/","article_modified_time":"2023-05-17T15:18:12+00:00","twitter_card":"summary_large_image","twitter_misc":{"Gesch\u00e4tzte Lesezeit":"3\u00a0Minuten"},"schema":{"@context":"https:\/\/schema.org","@graph":[{"@type":"WebPage","@id":"https:\/\/ev-stgeorg.de\/?page_id=2079","url":"https:\/\/ev-stgeorg.de\/?page_id=2079","name":"EV-Antrag Stadtteilbeirat 29.6.22 - Einwohner*innen-verein St. Georg","isPartOf":{"@id":"https:\/\/ev-stgeorg.de\/#website"},"datePublished":"2022-07-05T08:34:37+00:00","dateModified":"2023-05-17T15:18:12+00:00","breadcrumb":{"@id":"https:\/\/ev-stgeorg.de\/?page_id=2079#breadcrumb"},"inLanguage":"de","potentialAction":[{"@type":"ReadAction","target":["https:\/\/ev-stgeorg.de\/?page_id=2079"]}]},{"@type":"BreadcrumbList","@id":"https:\/\/ev-stgeorg.de\/?page_id=2079#breadcrumb","itemListElement":[{"@type":"ListItem","position":1,"name":"Startseite","item":"https:\/\/ev-stgeorg.de\/"},{"@type":"ListItem","position":2,"name":"Wohnungspolitik","item":"https:\/\/ev-stgeorg.de\/?page_id=1864"},{"@type":"ListItem","position":3,"name":"EV-Antrag Stadtteilbeirat 29.6.22"}]},{"@type":"WebSite","@id":"https:\/\/ev-stgeorg.de\/#website","url":"https:\/\/ev-stgeorg.de\/","name":"Einwohnerverein St. Georg","description":"von 1987 e.V.","potentialAction":[{"@type":"SearchAction","target":{"@type":"EntryPoint","urlTemplate":"https:\/\/ev-stgeorg.de\/?s={search_term_string}"},"query-input":{"@type":"PropertyValueSpecification","valueRequired":true,"valueName":"search_term_string"}}],"inLanguage":"de"}]}},"_links":{"self":[{"href":"https:\/\/ev-stgeorg.de\/index.php?rest_route=\/wp\/v2\/pages\/2079"}],"collection":[{"href":"https:\/\/ev-stgeorg.de\/index.php?rest_route=\/wp\/v2\/pages"}],"about":[{"href":"https:\/\/ev-stgeorg.de\/index.php?rest_route=\/wp\/v2\/types\/page"}],"author":[{"embeddable":true,"href":"https:\/\/ev-stgeorg.de\/index.php?rest_route=\/wp\/v2\/users\/2"}],"replies":[{"embeddable":true,"href":"https:\/\/ev-stgeorg.de\/index.php?rest_route=%2Fwp%2Fv2%2Fcomments&post=2079"}],"version-history":[{"count":1,"href":"https:\/\/ev-stgeorg.de\/index.php?rest_route=\/wp\/v2\/pages\/2079\/revisions"}],"predecessor-version":[{"id":2080,"href":"https:\/\/ev-stgeorg.de\/index.php?rest_route=\/wp\/v2\/pages\/2079\/revisions\/2080"}],"up":[{"embeddable":true,"href":"https:\/\/ev-stgeorg.de\/index.php?rest_route=\/wp\/v2\/pages\/1864"}],"wp:attachment":[{"href":"https:\/\/ev-stgeorg.de\/index.php?rest_route=%2Fwp%2Fv2%2Fmedia&parent=2079"}],"curies":[{"name":"wp","href":"https:\/\/api.w.org\/{rel}","templated":true}]}}