{"id":2081,"date":"2022-07-05T08:42:39","date_gmt":"2022-07-05T08:42:39","guid":{"rendered":"https:\/\/ev-stgeorg.de\/?page_id=2081"},"modified":"2022-07-05T08:42:39","modified_gmt":"2022-07-05T08:42:39","slug":"antrag-geschichtswerkstatt-inge-stolten-23-2-22","status":"publish","type":"page","link":"https:\/\/ev-stgeorg.de\/?page_id=2081","title":{"rendered":"Antrag Geschichtswerkstatt Inge Stolten 23.2.22"},"content":{"rendered":"<p><strong>Antrag der Geschichtswerkstatt St. Georg e.V. f\u00fcr die Sitzung des Stadtteilbeirats St. Georg am 23.2.2021<\/strong><\/p>\n<p>St. Georg hat eine reiche, mehr als 800 Jahre w\u00e4hrende Geschichte, die mindestens zur H\u00e4lfte von Frauen gepr\u00e4gt wurde. Doch tats\u00e4chlich spiegelt sich das im Stadtteilalltag, konkret in der Benennung von Stra\u00dfen, Pl\u00e4tzen, Parks und Br\u00fccken in so gar keiner Weise wider.<br \/>\nDen auf m\u00e4nnliche Personen zur\u00fcckgehenden 31 Ortsbezeichnungen Adenauerallee, Alexanderstra\u00dfe, Altmannbr\u00fccke, August-Bebel-Park, Barcastra\u00dfe, Baumeisterstra\u00dfe, B\u00f6ckmannstra\u00dfe, Brockesstra\u00dfe, B\u00fclaustra\u00dfe, Carl-LegienPlatz, Carl-von-Ossietzky-Platz, Ernst-Merck-Br\u00fccke, Ernst-Merck-Stra\u00dfe, Ferdinand-Beit-Stra\u00dfe, Gurlittstra\u00dfe, Hachmannplatz, Helmuth-H\u00fcbener-Gang, J\u00fcrgen-W.-Scheutzow-Park, Julius-Kobler-Weg, Kennedybr\u00fccke, Knorrestra\u00dfe, Nagelsweg, Kurt-Schumacher-Allee, Rautenbergstra\u00dfe, Repsoldstra\u00dfe, RobertNhil-Stra\u00dfe, St. Georgs Kirchhof, St. Georgstra\u00dfe, Schmilinskystra\u00dfe, Schweimlerstra\u00dfe, Westphalensweg stehen lediglich drei weibliche Namen gegen\u00fcber:<br \/>\n\u2022 seit 1948 die Ellmenreichstra\u00dfe, benannt nach Franziska Ellmenreich<br \/>\n(1847-1931), einer bekannten Schauspielerin und Mitbegr\u00fcnderin des Deutschen Schauspielhauses;<br \/>\n\u2022 seit 2011 der Heidi-Kabel-Platz (1914-2010), benannt nach der bekannten<br \/>\nSchauspielerin des niederdeutschen Ohnsorg-Theaters;<br \/>\n\u2022 seit 2013 der Platz Am Mariendom\u2026<br \/>\nDamit haben von insgesamt 88 benannten \u201eVerkehrsfl\u00e4chen\u201c in St. Georg 31 m\u00e4nnliche und 3 weibliche Bezeichnungen, nicht einmal zehn Prozent, von Namen von Migrantinnen und Einwanderern einmal ganz abgesehen. Zeit also, dieses Missverh\u00e4ltnis zu ver\u00e4ndern.<\/p>\n<p>Die Geschichtswerkstatt St. Georg e.V. beantragt hiermit, den zwischen der Ernst-Merck-Stra\u00dfe und dem Ferdinandstor verlaufenden, bisher unbenannten Fu\u00dfweg als Inge-Stolten-Weg neu einzubenennen.<\/p>\n<p>Inge Louise Stolten (* 23. M\u00e4rz 1921 in Hamburg; \u2020 4. Mai 1993 ebenda) war eine deutsche Schauspielerin, Schriftstellerin, Journalistin und Politikerin. W\u00e4hrend der NS-Zeit geh\u00f6rte sie dem passiven Widerstand im Umkreis der Wei\u00dfen Rose Hamburg an. Durch eine Tuberkuloseerkrankung als Schauspielerin berufsunf\u00e4hig, ver\u00f6ffentlichte sie ab 1956 zahlreiche Schriften und Rundfunkbeitr\u00e4ge zu verschiedenen gesellschaftspolitischen Themen sowie autobiographische Werke. Sie war die Gro\u00dfnichte von Otto Stolten und zweite Frau von Axel Eggebrecht.<\/p>\n<p>Wikipedia-Eintrag zu Inge Stolten, abgefragt am 1.2.2022, https:\/\/de.wikipedia.org\/wiki\/Inge_Stolten<\/p>\n<p>Inge Stolten ist 1921 in St. Georg geboren worden und in der Koppel aufgewachsen. Sie stammte aus einem sozialdemokratischen Arbeiterhaushalt, spielte hinterm Schauspielhaus, ging auf die M\u00e4dchenschule in der Koppel, machte 1939 Abitur, wurde aber wegen \u201epolitischer Unzuverl\u00e4ssigkeit\u201c nicht zum Studium zugelassen, absolvierte ab 1940 eine Schauspielausbildung und war danach am Deutschen Schauspielhaus engagiert. Als Gegnerin der Nazis tauchte sie in den letzten Kriegstagen unter, kehrte anl\u00e4sslich der Kapitulation aber in die Stadt zur\u00fcck und wurde noch am Tag der Befreiung als Dolmetscherin f\u00fcr die britische Milit\u00e4rregierung in St. Georg t\u00e4tig. \u00dcber diese fr\u00fchen Jahre hat Inge Stolten etliche Schriften verfasst und sich in Interviews oftmals dieser Zeit erinnert. Nicht zuf\u00e4llig geh\u00f6rte sie in den ersten beiden Jahren dem Vorstand der St. Georger Geschichtswerkstatt an.<br \/>\nNach 1945 war Inge Stolten zun\u00e4chst einige Jahre als Theater- und Film-Schauspielerin engagiert, musste wegen einer schweren Erkrankung ihren Beruf 1956\/57 allerdings aufgeben. In diesen Jahren wurde sie beim NWDR H\u00f6rspiel- und Synchronsprecherin und war bald eine angesehene, bekannte Journalistin f\u00fcr Radio und Fernsehen und publizierte verschiedene Sachb\u00fccher. Inge Stolten geh\u00f6rte damit zu den markantesten demokratischen Pers\u00f6nlichkeiten des westdeutschen Nachkriegs-Journalismus. Bereits 1954 hatte sie den NWDR-Mitbegr\u00fcnder Axel Eggebrecht (1899-1991) kennengelernt, mit dem sie \u2013 nach langer Skepsis gegen\u00fcber einer Hochzeit \u2013 ab 1982 auch verheiratet war. In den letzten Jahren ihres (gemeinsamen) Lebens engagierte sich die beiden in der PDS, um sich damit vor allem gegen \u201edas \u00dcberrollen der DDR\u201c und nationalistische Bestrebungen zu engagieren.<br \/>\nInge Stoltens inzwischen erschlossener, umfangreicher Nachlass befindet sich heute in der Staats- und Universit\u00e4ts-Bibliothek Carl von Ossietzky. Im \u201eGarten der Frauen\u201c auf dem Ohlsdorfer Friedhof tr\u00e4gt ein Gedenkstein auch ihren Namen. Mit der Einbenennung eines Weges nach Inge Stolten soll dieser aufrechten, kritischen Zeitzeugin an ihrem Geburtsort Hamburg-St. Georg gedacht werden.<\/p>\n<p>Eingereicht am 3.2.2022, beschlossen vom Stadtteilbeirat St. Georg am 23.2.2021<\/p>\n","protected":false},"excerpt":{"rendered":"<p>Antrag der Geschichtswerkstatt St. Georg e.V. f\u00fcr die Sitzung des Stadtteilbeirats St. Georg am 23.2.2021 St. Georg hat eine reiche, mehr als 800 Jahre w\u00e4hrende Geschichte, die mindestens zur H\u00e4lfte von Frauen gepr\u00e4gt wurde. Doch tats\u00e4chlich spiegelt sich das im Stadtteilalltag, konkret in der Benennung von Stra\u00dfen, Pl\u00e4tzen, Parks und Br\u00fccken in so gar keiner &hellip; <a href=\"https:\/\/ev-stgeorg.de\/?page_id=2081\" class=\"more-link\"><span class=\"screen-reader-text\">Antrag Geschichtswerkstatt Inge Stolten 23.2.22<\/span> weiterlesen <span class=\"meta-nav\">&rarr;<\/span><\/a><\/p>\n","protected":false},"author":2,"featured_media":0,"parent":1864,"menu_order":3,"comment_status":"closed","ping_status":"closed","template":"","meta":{"footnotes":""},"yoast_head":"<!-- This site is optimized with the Yoast SEO plugin v24.5 - https:\/\/yoast.com\/wordpress\/plugins\/seo\/ -->\n<title>Antrag Geschichtswerkstatt Inge Stolten 23.2.22 - Einwohner*innen-verein St. Georg<\/title>\n<meta name=\"robots\" content=\"index, follow, max-snippet:-1, max-image-preview:large, max-video-preview:-1\" \/>\n<link rel=\"canonical\" href=\"https:\/\/ev-stgeorg.de\/?page_id=2081\" \/>\n<meta property=\"og:locale\" content=\"de_DE\" \/>\n<meta property=\"og:type\" content=\"article\" \/>\n<meta property=\"og:title\" content=\"Antrag Geschichtswerkstatt Inge Stolten 23.2.22 - Einwohner*innen-verein St. Georg\" \/>\n<meta property=\"og:description\" content=\"Antrag der Geschichtswerkstatt St. Georg e.V. f\u00fcr die Sitzung des Stadtteilbeirats St. Georg am 23.2.2021 St. Georg hat eine reiche, mehr als 800 Jahre w\u00e4hrende Geschichte, die mindestens zur H\u00e4lfte von Frauen gepr\u00e4gt wurde. Doch tats\u00e4chlich spiegelt sich das im Stadtteilalltag, konkret in der Benennung von Stra\u00dfen, Pl\u00e4tzen, Parks und Br\u00fccken in so gar keiner &hellip; Antrag Geschichtswerkstatt Inge Stolten 23.2.22 weiterlesen &rarr;\" \/>\n<meta property=\"og:url\" content=\"https:\/\/ev-stgeorg.de\/?page_id=2081\" \/>\n<meta property=\"og:site_name\" content=\"Einwohner*innen-verein St. Georg\" \/>\n<meta property=\"article:publisher\" content=\"https:\/\/ev-stgeorg.de\/\" \/>\n<meta name=\"twitter:card\" content=\"summary_large_image\" \/>\n<meta name=\"twitter:label1\" content=\"Gesch\u00e4tzte Lesezeit\" \/>\n\t<meta name=\"twitter:data1\" content=\"3\u00a0Minuten\" \/>\n<script type=\"application\/ld+json\" class=\"yoast-schema-graph\">{\"@context\":\"https:\/\/schema.org\",\"@graph\":[{\"@type\":\"WebPage\",\"@id\":\"https:\/\/ev-stgeorg.de\/?page_id=2081\",\"url\":\"https:\/\/ev-stgeorg.de\/?page_id=2081\",\"name\":\"Antrag Geschichtswerkstatt Inge Stolten 23.2.22 - Einwohner*innen-verein St. Georg\",\"isPartOf\":{\"@id\":\"https:\/\/ev-stgeorg.de\/#website\"},\"datePublished\":\"2022-07-05T08:42:39+00:00\",\"breadcrumb\":{\"@id\":\"https:\/\/ev-stgeorg.de\/?page_id=2081#breadcrumb\"},\"inLanguage\":\"de\",\"potentialAction\":[{\"@type\":\"ReadAction\",\"target\":[\"https:\/\/ev-stgeorg.de\/?page_id=2081\"]}]},{\"@type\":\"BreadcrumbList\",\"@id\":\"https:\/\/ev-stgeorg.de\/?page_id=2081#breadcrumb\",\"itemListElement\":[{\"@type\":\"ListItem\",\"position\":1,\"name\":\"Startseite\",\"item\":\"https:\/\/ev-stgeorg.de\/\"},{\"@type\":\"ListItem\",\"position\":2,\"name\":\"Wohnungspolitik\",\"item\":\"https:\/\/ev-stgeorg.de\/?page_id=1864\"},{\"@type\":\"ListItem\",\"position\":3,\"name\":\"Antrag Geschichtswerkstatt Inge Stolten 23.2.22\"}]},{\"@type\":\"WebSite\",\"@id\":\"https:\/\/ev-stgeorg.de\/#website\",\"url\":\"https:\/\/ev-stgeorg.de\/\",\"name\":\"Einwohnerverein St. Georg\",\"description\":\"von 1987 e.V.\",\"potentialAction\":[{\"@type\":\"SearchAction\",\"target\":{\"@type\":\"EntryPoint\",\"urlTemplate\":\"https:\/\/ev-stgeorg.de\/?s={search_term_string}\"},\"query-input\":{\"@type\":\"PropertyValueSpecification\",\"valueRequired\":true,\"valueName\":\"search_term_string\"}}],\"inLanguage\":\"de\"}]}<\/script>\n<!-- \/ Yoast SEO plugin. -->","yoast_head_json":{"title":"Antrag Geschichtswerkstatt Inge Stolten 23.2.22 - Einwohner*innen-verein St. Georg","robots":{"index":"index","follow":"follow","max-snippet":"max-snippet:-1","max-image-preview":"max-image-preview:large","max-video-preview":"max-video-preview:-1"},"canonical":"https:\/\/ev-stgeorg.de\/?page_id=2081","og_locale":"de_DE","og_type":"article","og_title":"Antrag Geschichtswerkstatt Inge Stolten 23.2.22 - Einwohner*innen-verein St. Georg","og_description":"Antrag der Geschichtswerkstatt St. Georg e.V. f\u00fcr die Sitzung des Stadtteilbeirats St. Georg am 23.2.2021 St. Georg hat eine reiche, mehr als 800 Jahre w\u00e4hrende Geschichte, die mindestens zur H\u00e4lfte von Frauen gepr\u00e4gt wurde. Doch tats\u00e4chlich spiegelt sich das im Stadtteilalltag, konkret in der Benennung von Stra\u00dfen, Pl\u00e4tzen, Parks und Br\u00fccken in so gar keiner &hellip; Antrag Geschichtswerkstatt Inge Stolten 23.2.22 weiterlesen &rarr;","og_url":"https:\/\/ev-stgeorg.de\/?page_id=2081","og_site_name":"Einwohner*innen-verein St. Georg","article_publisher":"https:\/\/ev-stgeorg.de\/","twitter_card":"summary_large_image","twitter_misc":{"Gesch\u00e4tzte Lesezeit":"3\u00a0Minuten"},"schema":{"@context":"https:\/\/schema.org","@graph":[{"@type":"WebPage","@id":"https:\/\/ev-stgeorg.de\/?page_id=2081","url":"https:\/\/ev-stgeorg.de\/?page_id=2081","name":"Antrag Geschichtswerkstatt Inge Stolten 23.2.22 - Einwohner*innen-verein St. Georg","isPartOf":{"@id":"https:\/\/ev-stgeorg.de\/#website"},"datePublished":"2022-07-05T08:42:39+00:00","breadcrumb":{"@id":"https:\/\/ev-stgeorg.de\/?page_id=2081#breadcrumb"},"inLanguage":"de","potentialAction":[{"@type":"ReadAction","target":["https:\/\/ev-stgeorg.de\/?page_id=2081"]}]},{"@type":"BreadcrumbList","@id":"https:\/\/ev-stgeorg.de\/?page_id=2081#breadcrumb","itemListElement":[{"@type":"ListItem","position":1,"name":"Startseite","item":"https:\/\/ev-stgeorg.de\/"},{"@type":"ListItem","position":2,"name":"Wohnungspolitik","item":"https:\/\/ev-stgeorg.de\/?page_id=1864"},{"@type":"ListItem","position":3,"name":"Antrag Geschichtswerkstatt Inge Stolten 23.2.22"}]},{"@type":"WebSite","@id":"https:\/\/ev-stgeorg.de\/#website","url":"https:\/\/ev-stgeorg.de\/","name":"Einwohnerverein St. Georg","description":"von 1987 e.V.","potentialAction":[{"@type":"SearchAction","target":{"@type":"EntryPoint","urlTemplate":"https:\/\/ev-stgeorg.de\/?s={search_term_string}"},"query-input":{"@type":"PropertyValueSpecification","valueRequired":true,"valueName":"search_term_string"}}],"inLanguage":"de"}]}},"_links":{"self":[{"href":"https:\/\/ev-stgeorg.de\/index.php?rest_route=\/wp\/v2\/pages\/2081"}],"collection":[{"href":"https:\/\/ev-stgeorg.de\/index.php?rest_route=\/wp\/v2\/pages"}],"about":[{"href":"https:\/\/ev-stgeorg.de\/index.php?rest_route=\/wp\/v2\/types\/page"}],"author":[{"embeddable":true,"href":"https:\/\/ev-stgeorg.de\/index.php?rest_route=\/wp\/v2\/users\/2"}],"replies":[{"embeddable":true,"href":"https:\/\/ev-stgeorg.de\/index.php?rest_route=%2Fwp%2Fv2%2Fcomments&post=2081"}],"version-history":[{"count":1,"href":"https:\/\/ev-stgeorg.de\/index.php?rest_route=\/wp\/v2\/pages\/2081\/revisions"}],"predecessor-version":[{"id":2082,"href":"https:\/\/ev-stgeorg.de\/index.php?rest_route=\/wp\/v2\/pages\/2081\/revisions\/2082"}],"up":[{"embeddable":true,"href":"https:\/\/ev-stgeorg.de\/index.php?rest_route=\/wp\/v2\/pages\/1864"}],"wp:attachment":[{"href":"https:\/\/ev-stgeorg.de\/index.php?rest_route=%2Fwp%2Fv2%2Fmedia&parent=2081"}],"curies":[{"name":"wp","href":"https:\/\/api.w.org\/{rel}","templated":true}]}}